 = z**3 - 7*z**2 - 2*z - 9. Let u be t(7). Let r = -23 - u. Suppose -l + 6*l - 210 = r. What is the tens digit of l?
4
Suppose -4*c = -9*c - 5*i, -4*i = 20. Suppose 6 + 19 = c*b. What is the units digit of b?
5
Suppose -25 = -23*n + 18*n. Suppose -2*a + 97 = 5*z, n*z = -4*a - 38 + 247. What is the units digit of a?
6
Suppose 0 = -6*h + 2*h - 12. Let k be h + (-6)/9*-3. What is the units digit of ((-18)/(-4) + k)*6?
1
Let b = -109 - -154. What is the units digit of 2/9 - (-2240)/b?
0
Let g(p) = p**3 - 9*p**2 + 11*p - 22. Let w be g(8). Suppose 16*i + w*i = 2016. What is the units digit of i?
2
Let k = 53 + -49. Suppose 3*p = 5*y - 653, k*y - p - 520 = 2*p. What is the tens digit of y?
3
Suppose -t - 9*t = -7960. What is the tens digit of t?
9
Let r be (-6)/(-7)*28/6. Suppose -4*f + 5*y = -0*y - 128, 0 = -4*f + r*y + 132. What is the tens digit of f?
3
Let w(d) = 25*d**2 + 8*d + 20. What is the tens digit of w(-5)?
0
Let b = -4976 - -7382. What is the units digit of b?
6
Let a(j) = -4 + 11 - j + 2*j. Let b(v) = 3*v**2 + 2*v - 4. Let u be b(2). What is the units digit of a(u)?
9
Let i be 385/(-15) + 8/12. Let j = i + 34. Let v(u) = -u**2 + 10*u - 5. What is the units digit of v(j)?
4
Suppose 5*i - 10 = 3*i. Suppose 0*f - 2 = f - 2*d, 2*f + i*d = 5. Suppose -2*y + 4*x + 1 + 1 = f, -1 = -y + x. What is the units digit of y?
1
Suppose -3*k - 453 = -3*j + 537, 0 = 2*k + 2. What is the units digit of j?
9
Let m be (13 + -1)*(-1)/(-4). Suppose -y + 3*w = -7, 4*y - 4*w - 15 + m = 0. What is the tens digit of 4 + -7 + 35 + y?
3
What is the units digit of ((592 + -6)*-4)/(-5 + 3)?
2
Suppose r = h - 1, -5*r - 2 = -4*h + 3. Suppose 4*j - 222 = -h*j + 5*q, -5*j + 3*q = -271. What is the units digit of j?
3
Let a = -93 - -148. Suppose 3*d - 2*d = a. What is the units digit of d?
5
Suppose 7*b + 92 = 8*b. Suppose -b - 14 = f. Let z = f - -161. What is the units digit of z?
5
Let b = -1099 + 2416. What is the units digit of b?
7
Let q = -199 - -592. What is the tens digit of q?
9
Let l be 36/(-24)*12*6*1. Let g be ((-24)/20)/((-2)/(-110)). Let p = g - l. What is the units digit of p?
2
Suppose i - 369 = -v, 0 = -5*i - 3*v - 997 + 2850. Let z = i + -220. What is the hundreds digit of z?
1
Let u(f) = 8*f**2 - 18*f + 127. What is the units digit of u(6)?
7
Let u(q) = 210*q - 578. What is the units digit of u(14)?
2
What is the units digit of ((-42)/9)/(4 + (-25498)/6369)?
1
Let g be 3/18 - 1276/24. Let z = g + 106. What is the units digit of z?
3
Suppose 5*i + 3 = -4*c - 0, 3*c - i - 12 = 0. Let k = -4 - -7. Suppose k - 36 = -c*v. What is the tens digit of v?
1
Suppose 2*t - 4*w = -0*t - 12, -3*t - 6 = -3*w. What is the tens digit of 0/24 + t*(20 + -1)?
3
Let v = -75 + 93. Let h = 170 - v. What is the hundreds digit of h?
1
Let p = 77 - 113. Let k be -1 + 8/(-1) + 1. Let h = k - p. What is the units digit of h?
8
Suppose -2*x = -0*x - 80. What is the units digit of 704/x + (-6)/10?
7
Suppose -19*l = 32*l - 53397. What is the hundreds digit of l?
0
Let s be 65 - (-3 - 2 - -2). Suppose -j = -s - 10. What is the tens digit of j?
7
Let x(q) = q**3 + 11*q**2 - 12*q + 4. Suppose 16 = -2*i - 4*w, -w = -5*i - 28 - 34. Let t be x(i). What is the tens digit of 332/14 - t/(-14)?
2
Suppose 0 = -12*r + 16*r - 852. What is the hundreds digit of r?
2
Let b = -429 - -657. What is the tens digit of b?
2
Let g = -717 + 721. Let o(h) = -h**3 - h**2 - 7*h - 5. Let j be o(-4). Suppose -5*k + 5*i + 160 = 0, 0 = -g*k + 3*i - j + 201. What is the units digit of k?
4
Suppose -1 = 2*g + 1. Let n(t) = 60*t**2 + 2. What is the tens digit of n(g)?
6
Let v be (-1342)/14 + 6/(-42). What is the tens digit of (v/(-56))/((-2)/(-63))?
5
Suppose -9*s + 1766 = 182. What is the hundreds digit of s?
1
Let o = 484 + 622. What is the units digit of o?
6
Let t = 13 - 9. Suppose 3*m + 3*g - 22 - 11 = 0, -g = -t*m + 64. Suppose 5*c = -m, -3*n - 4*c + 138 = -3*c. What is the units digit of n?
7
Let f(n) = -n**3 + 11*n**2 - 12*n + 12. Let h = 48 - 39. What is the units digit of f(h)?
6
Suppose 2*c - 7*c - 3150 = -5*d, 0 = 4*c + 16. What is the units digit of d?
6
Let g = -4 - -22. Let j(o) = -g*o + 35*o - 15*o. What is the tens digit of j(12)?
2
Suppose 5*u - 2*x - 6874 = 0, -22*u + 24*u - x = 2750. What is the units digit of u?
4
Let s(w) be the first derivative of -2*w**2 + 12*w + 12. What is the units digit of s(-20)?
2
Suppose 1230 - 313 = 7*p. Suppose -d + 7*z + 59 = 3*z, -2*d + p = 5*z. What is the units digit of d?
3
Suppose 381 = 4*x + 109. Let b = x + 54. What is the hundreds digit of b?
1
Suppose 4*n + n + 26 = 2*r, 0 = -5*r + 4*n + 31. Suppose -r*a + 84 = -84. What is the units digit of a?
6
Let g = 2101 + -1589. What is the units digit of g?
2
Suppose 5*l = 1314 - 154. Suppose h + 3*h = l. What is the units digit of h?
8
Let i = 55 + -52. What is the units digit of 35 - i*(-3)/(-18)*-6?
8
Let f = -1348 - -2573. What is the hundreds digit of f?
2
Suppose 0 = 82*n - 66*n - 18320. What is the units digit of n?
5
Suppose -5*h = -5*n + 80, -5*h = -4*n - 25 + 91. What is the units digit of 14/(-49) + 508/n?
6
Suppose 4*l - 5533 = -x, 4*l + 2*x - 7500 = -1966. What is the hundreds digit of l?
3
Suppose -23*b + 26*b = 0. Suppose b = -2*k - 2*k + 324. What is the units digit of k?
1
Suppose 0 = t - 1525 + 504. What is the tens digit of t?
2
Let z(l) = l - 17. Let x be z(13). Let a be (0 + 0)*x/(-12). Let n(u) = u**2 - u + 25. What is the tens digit of n(a)?
2
Let p(r) = -232*r + 4521. What is the units digit of p(0)?
1
What is the hundreds digit of 0 - (8 + -204 + -5)?
2
Let c be 2189/(-33)*(-5 + -1). Suppose -8*x = -c - 1130. What is the hundreds digit of x?
1
Let x = 1666 - 160. What is the units digit of x?
6
Suppose -5*c + 5*l = 4*l - 51, 0 = -4*c - l + 39. Suppose 0 = -c*a + 1116 - 176. What is the units digit of a?
4
Suppose 0 = 3*i - 243 - 75. Let f = 234 - i. What is the tens digit of f?
2
Suppose -678 = -12*y + 6618. Let o = y + -330. What is the hundreds digit of o?
2
Suppose 9*h - 4*x + 3126 = 11*h, 4*h - 6222 = -2*x. What is the units digit of h?
3
What is the units digit of (-1167)/1*2/(-6)?
9
Let r(g) = 106*g**3 - 2*g. What is the tens digit of r(1)?
0
Let f(q) = 7*q**2 - 5*q + 6. Let h(y) = -6*y**2 + 5*y - 5. Let d(g) = -5*f(g) - 6*h(g). Let p be d(5). Suppose p = -3*b + 6*b - 3. What is the units digit of b?
1
Suppose -l + 16 = -s, -l - 64 = -5*l + 2*s. Let f be (-11 + 0 + -1)*1. Let c = f + l. What is the units digit of c?
4
Let k(n) = 90*n**2 + 27*n + 95. What is the hundreds digit of k(-5)?
2
What is the tens digit of ((-3069)/18 + 5)/(2/(-12))?
9
Let m = 10098 - 7201. What is the hundreds digit of m?
8
Let x(q) = -189*q - 447. What is the thousands digit of x(-22)?
3
Suppose -33*s = -28*s - 2*g - 27080, -3*g = -3*s + 16257. What is the hundreds digit of s?
4
Let d(s) = -s**3 - 4*s**2 - 3*s - 6. Let h be d(-4). Let x(w) = -w**3 + 7*w**2 - 5*w - 2. Let i be x(h). Suppose 0 = i*c - 108 + 4. What is the tens digit of c?
2
Let c(w) = w**2 - 7*w + 118. What is the hundreds digit of c(18)?
3
Suppose 14 = -3*x - 1. Let h(m) = -m + 1. Let z be h(x). Suppose z*t = 42 + 18. What is the units digit of t?
0
Suppose 60*m - 62*m + 2648 = 0. What is the thousands digit of m?
1
Suppose -8 = -0*s - s. Let d be 26/s + 1/(-4). What is the units digit of 2 + (0 + d)*7?
3
Let c(u) = u - 2. Let g be c(-2). Let o be g/14 - (-321)/21. Let y = 9 + o. What is the units digit of y?
4
Let h be -1*((-948)/(-16) - 3/12). Let q = -44 - h. What is the tens digit of q?
1
Suppose 5 = 2*f + 4*j - 17, -2*f = 3*j - 18. Let k be (f/(-2))/((-10)/20). What is the units digit of k/(-4 - -1) + 37?
6
Let c(o) = 2*o**2 + 2*o - 5. Suppose 0 = -3*z - 15. What is the tens digit of c(z)?
3
Suppose 5*x = 12*x - 2023. What is the hundreds digit of x?
2
Let m = 6 - 1. Let f = m + -5. Suppose 3*y - a = 13, y + 4*y - 5*a - 5 = f. What is the units digit of y?
6
Let u = -5 + 7. Let t be 16 + -1 + (4 - u). Let f = 8 + t. What is the units digit of f?
5
Let i(x) = -x**2 + 9*x - 9. Let o be i(7). Suppose -7*u + 28 = -o*u. Suppose -m = -13 - u. What is the units digit of m?
7
Suppose -24*v = -18*v + 108. What is the units digit of ((-136)/6 - 2)/(v/81)?
1
What is the tens digit of -8*(306/(-24) + 2 + 5)?
4
Let b = -1307 - -1831. What is th